{"id":9556,"date":"2016-04-12T01:16:51","date_gmt":"2016-04-12T01:16:51","guid":{"rendered":"https:\/\/rostosolidario.pt\/familysupport\/moviliza-te-reutilizacao-e-sustentabilidade\/"},"modified":"2023-02-22T18:40:13","modified_gmt":"2023-02-22T17:40:13","slug":"move-reuse-and-sustainability","status":"publish","type":"page","link":"https:\/\/rostosolidario.pt\/en\/familysupport\/move-reuse-and-sustainability\/","title":{"rendered":"MOVE, REUSE AND SUSTAINABILITY"},"content":{"rendered":"<p>[vc_row centered=&#8221;yes&#8221; bg_type=&#8221;image&#8221; parallax_style=&#8221;vcpb-default&#8221; bg_image_new=&#8221;1605|http:\/\/www.rostosolidario.pt\/wp-content\/uploads\/2016\/04\/movilizate_banner_v2.jpg&#8221; bg_image_repeat=&#8221;no-repeat&#8221; sd_bg_color=&#8221;&#8221;][vc_column]<div class=\"ult-spacer spacer-69f5b299bed46\" data-id=\"69f5b299bed46\" data-height=\"110\" data-height-mobile=\"50\" data-height-tab=\"\" data-height-tab-portrait=\"\" data-height-mobile-landscape=\"\" style=\"clear:both;display:block;\"><\/div><div id=\"ultimate-heading-316969f5b299bedd6\" class=\"uvc-heading ultimate-heading-316969f5b299bedd6 uvc-5071 sd-text-bg-white\" data-hspacer=\"no_spacer\"  data-halign=\"left\" style=\"text-align:left\"><div class=\"uvc-heading-spacer no_spacer\" style=\"top\"><\/div><div class=\"uvc-main-heading ult-responsive\"  data-ultimate-target='.uvc-heading.ultimate-heading-316969f5b299bedd6 h1'  data-responsive-json-new='{\"font-size\":\"\",\"line-height\":\"\"}' ><h1 style=\"font-weight:normal;\">MOVE, REUSE AND SUSTAINABILITY<\/h1><\/div><\/div><div class=\"ult-spacer spacer-69f5b299bee2b\" data-id=\"69f5b299bee2b\" data-height=\"110\" data-height-mobile=\"50\" data-height-tab=\"\" data-height-tab-portrait=\"\" data-height-mobile-landscape=\"\" style=\"clear:both;display:block;\"><\/div>[\/vc_column][\/vc_row][vc_row centered=&#8221;yes&#8221; sd_margin_top=&#8221;70px&#8221;][vc_column][vc_row_inner][vc_column_inner width=&#8221;1\/4&#8243;][vc_column_text]<\/p>\n<p style=\"text-align: left;\"><strong>Status:<\/strong> completed<br \/>\n<strong>Start:<\/strong> June 2015<br \/>\n<strong>Completion:<\/strong> September 2015<br \/>\n<strong>Location:<\/strong> Santa Maria da Feira<br \/>\n<strong>Support:<\/strong> Fernando Andrade, Miz\u00e9, Carla Azevedo, Heart Gallery, Rita Pinto, Oficina &#8211; Caf\u00e9 Criativo and Beija-flor, Catraia, CerciFeira Forma\u00e7\u00e3o &#8211; Carpentry Workshop, Aqui H\u00e1, Centro de C\u00f3pias<\/p>\n<p>[\/vc_column_text][\/vc_column_inner][vc_column_inner width=&#8221;3\/4&#8243;][vc_column_text]With &#8220;MOVE Reuse and Sustainability&#8221; the aim was to restore\/customize furniture in the resource bank (because they were in poor condition or surplus) promoting reuse and sustainability, implicit objectives in the action of the resource bank.<\/p>\n<p>Thus, to embody the project and as part of the celebrations of the 8th anniversary of its constitution, Rosto Solid\u00e1rio mobilized 8 artists in the restoration of 8 pieces of furniture: Fernando Andrade, CerciFeira Forma\u00e7\u00e3o &#8211; Carpentry Workshop, Catraia, Heart Gallery, Miz\u00e9, Rita Pinto, Oficina &#8211; Caf\u00e9 Criativo and Carla Azevedo. Participation was voluntary and free of charge.<\/p>\n<p>The works were shown in a collective exhibition that took place in Orfe\u00e3o da Feira on September 19th, the day Rosto Solid\u00e1rio celebrated its anniversary with more than 700 members, volunteers, collaborators and friends.<\/p>\n<p>The final objective of the exhibition was the solidarity sale of the final products of the project, in order to raise funds to revert to the Passionist Mission, to specifically support the construction of a library at the Santa Cruz Cultural Centre in Uige, Angola.[\/vc_column_text][\/vc_column_inner][\/vc_row_inner]<div id=\"ultimate-heading-471069f5b299bee7f\" class=\"uvc-heading ultimate-heading-471069f5b299bee7f uvc-7364 content-header\" data-hspacer=\"no_spacer\"  data-halign=\"left\" style=\"text-align:left\"><div class=\"uvc-heading-spacer no_spacer\" style=\"top\"><\/div><div class=\"uvc-main-heading ult-responsive\"  data-ultimate-target='.uvc-heading.ultimate-heading-471069f5b299bee7f h2'  data-responsive-json-new='{\"font-size\":\"desktop:24px;\",\"line-height\":\"desktop:30px;\"}' ><h2 style=\"font-family:'Montserrat';font-weight:700;margin-bottom:25px;\">GALERIA<\/h2><\/div><\/div>[vc_masonry_media_grid style=&#8221;lazy&#8221; items_per_page=&#8221;6&#8243; element_width=&#8221;2&#8243; item=&#8221;masonryMedia_SimpleBlurWithScale&#8221; grid_id=&#8221;vc_gid:1677087453756-2209fbfe-cd45-7&#8243; include=&#8221;6345,6346,6347,6348,6349,6350,6351,6352,6353,6354,6355,6356,6357,6358,6359,6360,6361,6362,6363,6364,6365,6366,6367,6368&#8243;][vc_separator color=&#8221;custom&#8221; accent_color=&#8221;#e5eff5&#8243;]<div class=\"ubtn-ctn-center\"><a class=\"ubtn-link ubtn-center ubtn-small \" href = \"http:\/\/www.rostosolidario.pt\/en\/familysupport\" target='' ><button type=\"button\" class=\"ubtn ubtn-small ubtn-fade-bg  none  ubtn-center   tooltip-69f5b299beee0\"  data-hover=\"\" data-border-color=\"#00609c\" data-bg=\"#00609c\" data-hover-bg=\"#004671\" data-border-hover=\"#004671\" data-shadow-hover=\"\" data-shadow-click=\"none\" data-shadow=\"\" data-shd-shadow=\"\" style=\"font-weight:bold;border-radius:3px;border-width:1px;border-color:#00609c;border-style:solid;background: #00609c;color: #ffffff;\"><span class=\"ubtn-data ubtn-icon\"><i class=\"none\" style=\"font-size:32px;color:#ffffff;\"><\/i><\/span><span class=\"ubtn-hover\" style=\"background-color:#004671\"><\/span><span class=\"ubtn-data ubtn-text\">Back<\/span><\/button><\/a><\/div>[\/vc_column][\/vc_row]<\/p>\n<!-- AddThis Advanced Settings generic via filter on the_content --><!-- AddThis Share Buttons generic via filter on the_content -->","protected":false},"excerpt":{"rendered":"<p>[vc_row centered=&#8221;yes&#8221; bg_type=&#8221;image&#8221; parallax_style=&#8221;vcpb-default&#8221; bg_image_new=&#8221;1605|http:\/\/www.rostosolidario.pt\/wp-content\/uploads\/2016\/04\/movilizate_banner_v2.jpg&#8221; bg_image_repeat=&#8221;no-repeat&#8221; sd_bg_color=&#8221;&#8221;][vc_column][\/vc_column][\/vc_row][vc_row centered=&#8221;yes&#8221; sd_margin_top=&#8221;70px&#8221;][vc_column][vc_row_inner][vc_column_inner width=&#8221;1\/4&#8243;][vc_column_text] Status: completed Start: June 2015 Completion: September 2015 Location: Santa Maria da Feira Support: Fernando Andrade, Miz\u00e9, Carla Azevedo, Heart Gallery, Rita Pinto, Oficina &#8211; Caf\u00e9 Criativo and Beija-flor, Catraia, CerciFeira Forma\u00e7\u00e3o &#8211; Carpentry Workshop, Aqui H\u00e1, Centro de C\u00f3pias<\/p>\n<p><a class=\"sd-more sd-all-trans\" href=\"https:\/\/rostosolidario.pt\/en\/familysupport\/move-reuse-and-sustainability\/#more-9556\">Read More<\/a><\/p>\n<p><!-- AddThis Advanced Settings generic via filter on get_the_excerpt --><!-- AddThis Share Buttons generic via filter on get_the_excerpt --><\/p>\n","protected":false},"author":1,"featured_media":6377,"parent":9533,"menu_order":0,"comment_status":"closed","ping_status":"closed","template":"full-width-page.php","meta":{"footnotes":""},"class_list":["post-9556","page","type-page","status-publish","has-post-thumbnail","hentry"],"_links":{"self":[{"href":"https:\/\/rostosolidario.pt\/en\/wp-json\/wp\/v2\/pages\/9556"}],"collection":[{"href":"https:\/\/rostosolidario.pt\/en\/wp-json\/wp\/v2\/pages"}],"about":[{"href":"https:\/\/rostosolidario.pt\/en\/wp-json\/wp\/v2\/types\/page"}],"author":[{"embeddable":true,"href":"https:\/\/rostosolidario.pt\/en\/wp-json\/wp\/v2\/users\/1"}],"replies":[{"embeddable":true,"href":"https:\/\/rostosolidario.pt\/en\/wp-json\/wp\/v2\/comments?post=9556"}],"version-history":[{"count":3,"href":"https:\/\/rostosolidario.pt\/en\/wp-json\/wp\/v2\/pages\/9556\/revisions"}],"predecessor-version":[{"id":9559,"href":"https:\/\/rostosolidario.pt\/en\/wp-json\/wp\/v2\/pages\/9556\/revisions\/9559"}],"up":[{"embeddable":true,"href":"https:\/\/rostosolidario.pt\/en\/wp-json\/wp\/v2\/pages\/9533"}],"wp:featuredmedia":[{"embeddable":true,"href":"https:\/\/rostosolidario.pt\/en\/wp-json\/wp\/v2\/media\/6377"}],"wp:attachment":[{"href":"https:\/\/rostosolidario.pt\/en\/wp-json\/wp\/v2\/media?parent=9556"}],"curies":[{"name":"wp","href":"https:\/\/api.w.org\/{rel}","templated":true}]}}

<p>[vc_row centered=&#8221;yes&#8221; bg_type=&#8221;image&#8221; parallax_style=&#8221;vcpb-default&#8221; bg_image_new=&#8221;1605|http://www.rostosolidario.pt/wp-content/uploads/2016/04/movilizate_banner_v2.jpg&#8221; bg_image_repeat=&#8221;no-repeat&#8221; sd_bg_color=&#8221;&#8221;][vc_column]<div class="ult-spacer spacer-69f5b299bed46" data-id="69f5b299bed46" data-height="110" data-height-mobile="50" data-height-tab="" data-height-tab-portrait="" data-height-mobile-landscape="" style="clear:both;display:block;"></div><div id="ultimate-heading-316969f5b299bedd6" class="uvc-heading ultimate-heading-316969f5b299bedd6 uvc-5071 sd-text-bg-white" data-hspacer="no_spacer"  data-halign="left" style="text-align:left"><div class="uvc-heading-spacer no_spacer" style="top"></div><div class="uvc-main-heading ult-responsive"  data-ultimate-target='.uvc-heading.ultimate-heading-316969f5b299bedd6 h1'  data-responsive-json-new='{"font-size":"","line-height":""}' ><h1 style="font-weight:normal;">MOVE, REUSE AND SUSTAINABILITY</h1></div></div><div class="ult-spacer spacer-69f5b299bee2b" data-id="69f5b299bee2b" data-height="110" data-height-mobile="50" data-height-tab="" data-height-tab-portrait="" data-height-mobile-landscape="" style="clear:both;display:block;"></div>[/vc_column][/vc_row][vc_row centered=&#8221;yes&#8221; sd_margin_top=&#8221;70px&#8221;][vc_column][vc_row_inner][vc_column_inner width=&#8221;1/4&#8243;][vc_column_text]</p>
<p style="text-align: left;"><strong>Status:</strong> completed<br />
<strong>Start:</strong> June 2015<br />
<strong>Completion:</strong> September 2015<br />
<strong>Location:</strong> Santa Maria da Feira<br />
<strong>Support:</strong> Fernando Andrade, Mizé, Carla Azevedo, Heart Gallery, Rita Pinto, Oficina &#8211; Café Criativo and Beija-flor, Catraia, CerciFeira Formação &#8211; Carpentry Workshop, Aqui Há, Centro de Cópias</p>
<p>[/vc_column_text][/vc_column_inner][vc_column_inner width=&#8221;3/4&#8243;][vc_column_text]With &#8220;MOVE Reuse and Sustainability&#8221; the aim was to restore/customize furniture in the resource bank (because they were in poor condition or surplus) promoting reuse and sustainability, implicit objectives in the action of the resource bank.</p>
<p>Thus, to embody the project and as part of the celebrations of the 8th anniversary of its constitution, Rosto Solidário mobilized 8 artists in the restoration of 8 pieces of furniture: Fernando Andrade, CerciFeira Formação &#8211; Carpentry Workshop, Catraia, Heart Gallery, Mizé, Rita Pinto, Oficina &#8211; Café Criativo and Carla Azevedo. Participation was voluntary and free of charge.</p>
<p>The works were shown in a collective exhibition that took place in Orfeão da Feira on September 19th, the day Rosto Solidário celebrated its anniversary with more than 700 members, volunteers, collaborators and friends.</p>
<p>The final objective of the exhibition was the solidarity sale of the final products of the project, in order to raise funds to revert to the Passionist Mission, to specifically support the construction of a library at the Santa Cruz Cultural Centre in Uige, Angola.[/vc_column_text][/vc_column_inner][/vc_row_inner]<div id="ultimate-heading-471069f5b299bee7f" class="uvc-heading ultimate-heading-471069f5b299bee7f uvc-7364 content-header" data-hspacer="no_spacer"  data-halign="left" style="text-align:left"><div class="uvc-heading-spacer no_spacer" style="top"></div><div class="uvc-main-heading ult-responsive"  data-ultimate-target='.uvc-heading.ultimate-heading-471069f5b299bee7f h2'  data-responsive-json-new='{"font-size":"desktop:24px;","line-height":"desktop:30px;"}' ><h2 style="font-family:'Montserrat';font-weight:700;margin-bottom:25px;">GALERIA</h2></div></div>[vc_masonry_media_grid style=&#8221;lazy&#8221; items_per_page=&#8221;6&#8243; element_width=&#8221;2&#8243; item=&#8221;masonryMedia_SimpleBlurWithScale&#8221; grid_id=&#8221;vc_gid:1677087453756-2209fbfe-cd45-7&#8243; include=&#8221;6345,6346,6347,6348,6349,6350,6351,6352,6353,6354,6355,6356,6357,6358,6359,6360,6361,6362,6363,6364,6365,6366,6367,6368&#8243;][vc_separator color=&#8221;custom&#8221; accent_color=&#8221;#e5eff5&#8243;]<div class="ubtn-ctn-center"><a class="ubtn-link ubtn-center ubtn-small " href = "http://www.rostosolidario.pt/en/familysupport" target='' ><button type="button" class="ubtn ubtn-small ubtn-fade-bg  none  ubtn-center   tooltip-69f5b299beee0"  data-hover="" data-border-color="#00609c" data-bg="#00609c" data-hover-bg="#004671" data-border-hover="#004671" data-shadow-hover="" data-shadow-click="none" data-shadow="" data-shd-shadow="" style="font-weight:bold;border-radius:3px;border-width:1px;border-color:#00609c;border-style:solid;background: #00609c;color: #ffffff;"><span class="ubtn-data ubtn-icon"><i class="none" style="font-size:32px;color:#ffffff;"></i></span><span class="ubtn-hover" style="background-color:#004671"></span><span class="ubtn-data ubtn-text">Back</span></button></a></div>[/vc_column][/vc_row]</p>
<!-- AddThis Advanced Settings generic via filter on the_content --><!-- AddThis Share Buttons generic via filter on the_content -->

<p>[vc_row centered=&#8221;yes&#8221; bg_type=&#8221;image&#8221; parallax_style=&#8221;vcpb-default&#8221; bg_image_new=&#8221;1605|http://www.rostosolidario.pt/wp-content/uploads/2016/04/movilizate_banner_v2.jpg&#8221; bg_image_repeat=&#8221;no-repeat&#8221; sd_bg_color=&#8221;&#8221;][vc_column][/vc_column][/vc_row][vc_row centered=&#8221;yes&#8221; sd_margin_top=&#8221;70px&#8221;][vc_column][vc_row_inner][vc_column_inner width=&#8221;1/4&#8243;][vc_column_text] Status: completed Start: June 2015 Completion: September 2015 Location: Santa Maria da Feira Support: Fernando Andrade, Mizé, Carla Azevedo, Heart Gallery, Rita Pinto, Oficina &#8211; Café Criativo and Beija-flor, Catraia, CerciFeira Formação &#8211; Carpentry Workshop, Aqui Há, Centro de Cópias</p>
<p><a class="sd-more sd-all-trans" href="https://rostosolidario.pt/en/familysupport/move-reuse-and-sustainability/#more-9556">Read More</a></p>
<p><!-- AddThis Advanced Settings generic via filter on get_the_excerpt --><!-- AddThis Share Buttons generic via filter on get_the_excerpt --></p>
